t is the units digit of 27013750?
0
What is the ten thousands digit of 1335942754?
4
What is the units digit of 29319808?
8
What is the millions digit of 4765632?
4
What is the tens digit of 3646534283?
8
What is the thousands digit of 8441678?
1
What is the hundred thousands digit of 13637821?
6
What is the ten thousands digit of 21778499?
7
What is the tens digit of 109344427?
2
What is the thousands digit of 373016433?
6
What is the ten millions digit of 494168673?
9
What is the ten millions digit of 1938947728?
3
What is the thousands digit of 21349989?
9
What is the units digit of 158539439?
9
What is the ten millions digit of 393824442?
9
What is the ten millions digit of 47016291?
4
What is the thousands digit of 1384658725?
8
What is the hundred thousands digit of 93652567?
6
What is the millions digit of 41097348?
1
What is the ten thousands digit of 616723181?
2
What is the hundred thousands digit of 525605938?
6
What is the hundreds digit of 7408077?
0
What is the hundreds digit of 4065646?
6
What is the millions digit of 262856891?
2
What is the tens digit of 74199108?
0
What is the ten millions digit of 1062897029?
6
What is the thousands digit of 791518781?
8
What is the hundred thousands digit of 647745453?
7
What is the ten millions digit of 412385044?
1
What is the tens digit of 2486040926?
2
What is the thousands digit of 1058771786?
1
What is the hundred thousands digit of 4227409423?
4
What is the hundred millions digit of 461410392?
4
What is the units digit of 89474049?
9
What is the millions digit of 7286990682?
6
What is the hundred thousands digit of 46406773?
4
What is the hundreds digit of 252602055?
0
What is the ten thousands digit of 47560523?
6
What is the hundred millions digit of 159023160?
1
What is the thousands digit of 1409453069?
3
What is the hundreds digit of 155944173?
1
What is the hundreds digit of 35401380?
3
What is the hundred millions digit of 887861880?
8
What is the thousands digit of 3652384057?
4
What is the hundreds digit of 57884114?
1
What is the tens digit of 12222774?
7
What is the tens digit of 43237123?
2
What is the hundreds digit of 1274726571?
5
What is the ten millions digit of 902059856?
0
What is the millions digit of 241467536?
1
What is the hundred thousands digit of 107606860?
6
What is the hundred millions digit of 2292521292?
2
What is the thousands digit of 1752656631?
6
What is the hundreds digit of 256297939?
9
What is the hundred thousands digit of 30882793?
8
What is the hundreds digit of 1338611610?
6
What is the hundreds digit of 34401203?
2
What is the hundred thousands digit of 398944185?
9
What is the hundred thousands digit of 490069657?
0
What is the billions digit of 2967840959?
2
What is the ten thousands digit of 48902977?
0
What is the tens digit of 38797074?
7
What is the hundreds digit of 1009985987?
9
What is the hundreds digit of 593727929?
9
What is the ten thousands digit of 219672788?
7
What is the hundred thousands digit of 256267855?
2
What is the hundred millions digit of 372068509?
3
What is the millions digit of 155864633?
5
What is the thousands digit of 22241293?
1
What is the units digit of 14778833?
3
What is the hundred millions digit of 485478271?
4
What is the hundred thousands digit of 218830825?
8
What is the millions digit of 98835222?
8
What is the millions digit of 245523097?
5
What is the hundred thousands digit of 7406781424?
7
What is the ten millions digit of 637330649?
3
What is the tens digit of 548607920?
2
What is the thousands digit of 2534045923?
5
What is the ten millions digit of 781431276?
8
What is the thousands digit of 33120842?
0
What is the ten millions digit of 2785180643?
8
What is the hundred thousands digit of 261387?
2
What is the units digit of 71108115?
5
What is the hundreds digit of 297506948?
9
What is the ten thousands digit of 26256842?
5
What is the millions digit of 49616168?
9
What is the tens digit of 588319467?
6
What is the hundred millions digit of 1196818523?
1
What is the units digit of 501261222?
2
What is the units digit of 16268552?
2
What is the thousands digit of 2121943380?
3
What is the units digit of 5396173263?
3
What is the millions digit of 157159387?
7
What is the hundreds digit of 1850581329?
3
What is the tens digit of 949096956?
5
What is the tens digit of 159033455?
5
What is the ten millions digit of 3244062113?
4
What is the ten thousands digit of 1421402969?
0
What is the ten millions digit of 4847844270?
4
What is the hundred thousands digit of 8259635?
2
What is the tens digit of 303251189?
8
What is the hundred millions digit of 2582494018?
5
What is the hundred thousands digit of 2109323497?
3
What is the units digit of 1554575380?
0
What is the hundreds digit of 91022756?
7
What is the thousands digit of 955206073?
6
What is the billions digit of 2566112611?
2
What is the millions digit of 233339257?
3
What is the thousands digit of 158745664?
5
What is the tens digit of 147245058?
5
What is the tens digit of 465632049?
4
What is the tens digit of 11310241?
4
What is the hundred thousands digit of 250517391?
5
What is the units digit of 1098472759?
9
What is the thousands digit of 1114804245?
4
What is the millions digit of 46677135?
6
What is the hundred millions digit of 187626698?
1
What is the ten millions digit of 37133626?
3
What is the thousands digit of 1448664002?
4
What is the ten millions digit of 742144422?
4
What is the hundred thousands digit of 257688877?
6
What is the ten thousands digit of 22475008?
7
What is the ten millions digit of 162301092?
6
What is the ten thousands digit of 114210800?
1
What is the hundred millions digit of 884867780?
8
What is the thousands digit of 111821326?
1
What is the tens digit of 514458664?
6
What is the billions digit of 2066457068?
2
What is the millions digit of 542543839?
2
What is the hundred thousands digit of 113294962?
2
What is the hundreds digit of 808352916?
9
What is the millions digit of 508761617?
8
What is the ten millions digit of 310894931?
1
What is the hundred millions digit of 444775471?
4
What is the tens digit of 166495131?
3
What is the ten millions digit of 428690063?
2
What is the hundred thousands digit of 6527223628?
2
What is the ten thousands digit of 1540592364?
9
What is the units digit of 596574790?
0
What is the millions digit of 208054475?
8
What is the millions digit of 7973824340?
3
What is the ten thousands digit of 99383620?
8
What is the hundreds digit of 1028569133?
1
What is the ten millions digit of 65860440?
6
What is the hundred thousands digit of 49832465?
8
What is the hundred thousands digit of 733555806?
5
What is the hundred thousands digit of 7171365?
1
What is the millions digit of 866355563?
6
What is the hundred millions digit of 119602147?
1
What is the ten thousands digit of 58431349?
3
What is the units digit of 71829637?
7
What is the hundred millions digit of 258281851?
2
What is the ten millions digit of 28424857?
2
What is the billions digit of 2936751564?
2
What is the hundreds digit of 460948817?
8
What is the thousands digit of 463183246?
3
What is the hundred thousands digit of 3796247748?
2
What is the units digit of 1018759082?
2
What is the hundred millions digit of 2775076774?
7
What is the tens digit of 164361174?
7
What is the millions digit of 390418447?
0
What is the hundreds digit of 212714377?
3
What is the hundreds digit of 42769397?
3
What is the hundred millions digit of 3664105768?
6
What is the units digit of 74078514?
4
What is the thousands digit of 11090874?
0
What is the tens digit of 317439940?
4
What is the hundred thousands digit of 43363593?
3
What is the hundreds digit of 81026740?
7
What is the thousands digit of 1340895697?
5
What is the ten millions digit of 181029226?
8
What is the thousands digit of 2321777473?
7
What is the ten millions digit of 16005006?
1
What is the billions digit of 1138233914?
1
What is the millions digit of 110487388?
0
What is the units digit of 69311497?
7
What is the thousands digit of 1116182041?
2
What is the ten thousands digit of 2698134876?
3
What is the thousands digit of 49351703?
1
What is the thousands digit of 20837602?
7
What is the hundreds digit of 134581156?
1
What is the billions digit o